 0. Let j(c) = -2*c + 10. Give j(p).
-4
Let t be 6*-1 - (3 + -5). Let w be (-2)/3 + (-24)/(-9). Let g(v) = 3*v**2 - w*v**2 + 8*v - 4*v - 1 + v. Calculate g(t).
-5
Let z(u) = -u - 9. Let m be -1 - -1 - (7 + 12/3). Determine z(m).
2
Suppose 2*a + 12 = 4*h, -3*h + 4*h = 2*a. Let d(r) = 2*r + 2 - r**3 - 4*r + 3*r**2 + 0*r**2 + 1. Give d(a).
3
Let c(k) = -k**2 + 3*k - 2. Let o(w) = -w**2 + 4*w - 2. Let q(d) = -4*c(d) + 3*o(d). Suppose -4*u = 3 + 9. What is q(u)?
11
Let y(p) be the third derivative of p**7/840 - p**6/90 + p**5/40 - p**4/4 + p**3/6 - 3*p**2. Let i(w) be the first derivative of y(w). Give i(4).
6
Let k(o) = -8*o**2 - o + 1. Let x(j) = -j**3 - 3*j**2 + 5*j + 5. Suppose 2*g + 4*u = -12, 3*g - 2*u = -u - 11. Let m be x(g). What is k(m)?
-8
Let y = 13 - 5. Let j(l) = -l**3 - 1 - 3*l + 4*l + 12*l**2 - 4*l**2 - 3. Let p be j(y). Let s(n) = 2*n - 6. What is s(p)?
2
Let j(z) be the second derivative of z**3/6 - z**2/2 - z. Let o be (-280)/(-36) - 4/(-18). Let m be ((-10)/8)/(2/o). Determine j(m).
-6
Let w(m) = m**3 + 6*m**2 + 5*m. Let n be w(-5). Suppose -2*c + 3*c - 2 = n. Suppose -x = c*x. Let z(l) = -l + 8. Give z(x).
8
Suppose 8*h - 2*u + 45 = 3*h, 2*h + 4*u = 6. Let z(g) = g + 15. What is z(h)?
8
Let l(c) be the second derivative of -c**3/3 - c**2 - c. Let b be l(-3). Let p(h) = h**3 - 4*h**2 - 4. What is p(b)?
-4
Let f(v) = v**3 - 5*v**2 - 5*v + 3. Let h(y) = y**3 - 3*y**2 - 6*y - 5. Let n be h(5). Suppose 3 = 3*j - n. Calculate f(j).
9
Let x(s) = -9*s**3 + 8*s**3 + 150*s**2 - 1 - 147*s**2. Suppose 0*i - i = 2*y - 3, 2*y - 2*i - 12 = 0. Give x(y).
-1
Let i(h) = 5*h**2 + 4*h - 1. Let u(g) = -3*g - 4*g**2 + 3 + 1 - 3. Suppose 0 = z + 1 - 4. Let a(p) = z*i(p) + 4*u(p). Calculate a(0).
1
Let o(l) = -l**3 + 6*l**2 - 6*l + 5. Let i be o(5). Suppose -4*d + i = -8. Let y(m) = m + 1. Let g be y(d). Let j(v) = -4*v + 3. Calculate j(g).
-9
Let t(r) = -7*r. Let x be 8/(-48) - (-22)/(-12). Let c be (-8)/2*x/(-8). Calculate t(c).
7
Let v(j) = 5*j**3 + 6*j + 10. Let y(c) = -11*c**3 + 2*c**2 - 13*c - 21. Let r(d) = 13*v(d) + 6*y(d). Determine r(12).
4
Let v be 0/(-3 + -1 + 3). Suppose -r - 2*r - 9 = v. Let j(o) = 3*o + 1. Give j(r).
-8
Let o(p) = 5*p - 1. Let c be o(-3). Let h = 11 + c. Let d = -7 - h. Let r(g) = 2*g**2 - g. What is r(d)?
10
Let f = 106/3 - 35. Let q(p) be the first derivative of 7*p + 7/2*p**2 + f*p**3 + 1. Calculate q(-5).
-3
Let l = -1 - -1. Let u(t) be the second derivative of -t**4/24 - t**3 - 3*t**2/2 + t. Let p(b) be the first derivative of u(b). Give p(l).
-6
Let g(r) be the second derivative of -r**4/12 + r**3/6 - 5*r**2/2 - 2*r. Let f = -1 - -1. Calculate g(f).
-5
Let b(d) be the third derivative of d**6/120 - d**4/8 - d**3/3 - 16*d**2. What is b(-1)?
0
Suppose -8*g + 19 = -29. Let j(c) be the third derivative of -c**5/60 + 7*c**4/24 - c**3/6 - c**2. Determine j(g).
5
Let k(p) = 5*p**3 + p + 5. Let n(i) = 6*i**3 - i**2 + 2*i + 5. Let u(m) = 5*k(m) - 4*n(m). What is u(-4)?
17
Let h(k) = k**3 - 2*k**2 + 2*k - 3. Let y be ((-10)/(-15))/(1/6). Suppose -2*g + 0 = -y. Calculate h(g).
1
Let k(u) = u**2 - 7*u. Let z = -1 + 5. Calculate k(z).
-12
Let o(a) = a**3 + 1. Let c(b) = 10*b**3 - b**2 - 2*b + 3. Let n(i) = c(i) - 4*o(i). Let z be (-13)/(-5) - (-6)/15. Let m = z + -4. Determine n(m).
-6
Let a(x) be the first derivative of -x**3/3 - 2*x**2 - 3*x + 7. Determine a(-4).
-3
Let l(u) = -u**3 + 3*u + 1. Let a be l(-2). Suppose d = -a*d. Let n = 1 + d. Let i(o) = 4*o**2 - 1. What is i(n)?
3
Let z(j) = -j**3 + 5*j**2 + 9*j - 7. Suppose 18 = 16*v - 13*v. Calculate z(v).
11
Let f be 1/(-1) + -4 + 1 + 2. Let i(u) = u**3 + 4*u**2 + 3*u. Determine i(f).
2
Let f(z) = -z**2 - 10*z - 5. Suppose s + 15 = 7. Determine f(s).
11
Let i be (-3 + 2)/1 + 2. Let f(l) = l**2 - 1. Let p(r) = -2*r**2 + 2*r - 2. Let s(k) = i*f(k) - p(k). Let u(z) = -z - 5. Let d be u(-6). What is s(d)?
2
Let b(s) = s**2 + 6*s - 3. Suppose -2*d = -16 + 28. Give b(d).
-3
Let u(a) = -5*a**2 - 2 - 4 - a**3 + 2. Let m = 2 + -7. Calculate u(m).
-4
Let b(n) = 2*n**3 + n**2 - n + 1. Let w be b(1). Let l(q) = 14*q - q**w - 1 - 4 + 4*q**2 - 15*q. Calculate l(4).
-9
Let s(k) = -3*k**3 + 7*k**2 + 7. Let r(t) = -13*t**3 + 29*t**2 + 28. Let o(x) = 2*r(x) - 9*s(x). Let y = 3 + -6. Let p = y + 8. Determine o(p).
-7
Let i(m) = -m + 1. Suppose 0 = -3*f + 2*z + 2, 2*f - 5*z - 2 = -19. Give i(f).
-3
Suppose -4 = 7*w - 3*w. Let t = w - -2. Let p(h) be the third derivative of h**4/4 + 5*h**2 - 4. Give p(t).
6
Let h(k) = 7*k - 5*k + 277 - 287. What is h(7)?
4
Let p(t) = t - 8. Let z be p(7). Let c(j) = -7*j. Determine c(z).
7
Let i(a) = a**2 - 11*a. Let g be i(11). Let d(h) = -2 + 0*h - 4*h + g*h. Let p = 0 + -2. Determine d(p).
6
Let p = -1 + 3. Let g(t) be the second derivative of t**5/30 - t**4/24 - t**3/6 + 5*t. Let s(i) be the second derivative of g(i). What is s(p)?
7
Let g(t) = -t**3 + 5*t**2 - 6*t + 4. Let h be (-1 + 5)/((-20)/(-20)). Give g(h).
-4
Let v(b) = -2*b + 5. Let z(d) = -d**2 - 3*d + 3. Let p be z(-3). Let g = p - -1. Give v(g).
-3
Suppose -2*l - 6 = 3*w, l - w + 5 = 12. Let q(f) be the third derivative of -1/24*f**4 + 1/120*f**6 + 4*f**2 + 0*f - 1/20*f**5 + 0 + 0*f**3. What is q(l)?
-3
Let l(y) = 3*y - 9. Suppose -161 + 29 = -22*r. Give l(r).
9
Let g(t) be the third derivative of -t**4/24 + t**3/3 + t**2. Let x = 0 - 0. Suppose -5*d + 3*y + 22 = 0, d - 3*d + 3*y + 16 = x. Determine g(d).
0
Let h be (6/4)/(1/2). Let l(f) = -h*f + 2 - 2. Suppose 12 = k + 5*k. Determine l(k).
-6
Let m(r) = r**2 + 3*r + 2. Let q be m(-5). Suppose v = -2*v + q. Suppose 4 + 4 = v*c. Let g(d) = 4*d. Calculate g(c).
8
Let b(n) = -n + 6. Let q be b(9). Let z be (-1)/q*(-1 - -4). Let l(x) = -x - 1. Let u(i) = -3*i - 4. Let a(h) = 5*l(h) - u(h). Calculate a(z).
-3
Let r(h) be the third derivative of 1/2*h**3 + 1/24*h**4 + 0*h - 2*h**2 + 0. Calculate r(-2).
1
Let v(u) = -u**3 - u**2 + u + 1. Let x = 58 - 60. Give v(x).
3
Let n = 21 - 18. Let z(v) = v**2 + v + 1. Calculate z(n).
13
Let c(u) = -u**2 + 4*u + 1. Let b be ((-1)/(-3))/(-3 + (-30)/(-9)). Let w(a) = a**3 - 5*a**2 + 5*a. Let k be w(4). Let o = k + b. Determine c(o).
-4
Let m(i) = i**3 - 5*i**2 + 3*i - 2. Let w = -22 - -25. Give m(w).
-11
Let u(f) = 6*f**2. Let k(a) = -a**3 + 5*a**2 - 4*a - 1. Let w be k(4). Give u(w).
6
Let h(w) = w**3 + 3*w**2 - 2*w - 4. Let g be h(-3). Let l(r) = -2*r**2 - 2*r**g - 2 + 5*r**2 + 5*r. Calculate l(-4).
-6
Let y(s) = -2*s**2 + 2*s - 1. Let r be y(2). Let g(c) = -c**3 + c**2 + 1. Let u(z) = -z**3 + 7*z**2 - z + 3. Let w(n) = 2*g(n) - u(n). Give w(r).
-6
Suppose -4*r + 1 = -7. Let k(l) = l**3 - 6*l**2 + 5*l - 2. Let o(n) = -2*n**3 + 11*n**2 - 9*n + 4. Let j(c) = -5*k(c) - 3*o(c). Give j(r).
-2
Suppose -q - 8 = -5*q. Suppose 4*x - q = 2. Let t(f) = -6*f**2 + f - 1. Determine t(x).
-6
Let t = 3 + 2. Let c(x) be the first derivative of x**4/4 - 2*x**3 + 3*x**2 - 5*x + 1. Let o be c(t). Let s(f) = -f + 2. Give s(o).
2
Let y be 3/(-2) + 2/(-4). Let p(w) = w**3 + 0*w + 1 + 4*w**2 - 4*w + 6*w. Let r be p(y). Let i(a) = a**3 - 5*a**2 + a - 2. Determine i(r).
3
Let k(l) = l**3 - 9*l**2 + 5*l + 15. Let w be k(8). Let t(f) = f**2 + 10*f + 13. What is t(w)?
4
Let p(d) = d**3 + 4*d**2 - 6*d - 4. Let q(t) = -t**3 - 4*t**2 + 5*t + 4. Let j(a) = 5*p(a) + 6*q(a). Suppose w + 6 = -w + c, 0 = -3*c. Give j(w).
-5
Let h be (-9)/(-2)*(1 - -1). Suppose -l - k = -2*l + 5, -k - 7 = -2*l. Let w(v) = -v**2 + v - 2*v + l - h. Determine w(0).
-7
Let u(h) = -2*h + 2 - 2*h**2 - 5*h**2 - 9*h**2 + 15*h**2. Determine u(-4).
-6
Let k(h) = h**3 + 2*h**2 - 1. Let b(w) be the first derivative of w**3/3 - 7*w**2/2 - w - 1. Let j(m) = m + 1. Let a be j(6). Let c be b(a). Calculate k(c).
0
Let x(a) = -6*a + 0*a + 3*a + 7. Let m(s) be the third derivative of -s**4/6 - s**3/2 + 2*s**2. Let r be m(-2). What is x(r)?
-8
Suppose -24 = -2*q - 4*l, q - 3*l - 17 = -0. Let x(u) = -15*u**2 + 4*u + 3*u + q*u**2 - 4. What is x(5)?
6
Let t be (3/(-5))/(5/(-25)). Let c(a) = -a**2 + a - 3. What is c(t)?
-9
Let d(h) = -h**2 - 1. Let p(x) = 2*x**2 - 6*x + 4. Let j(w) = -3*d(w) - p(w). Suppose -k - 2 = 4. Give j(k).
-1
Suppose 12*f = 6*f - 24. Let h(d) be the first derivative of -d**5/20 - d**4/3 + d**3/6 + 3*d**2/2 - d - 1. Let u(o) be the first derivative of h(o). Give 